lculate the highest common factor of 87 and h.
3
Suppose 4*i = 3*y + 5*i - 1, -8 = y + 2*i. Let s be 108 + 0/(y + -4). Let t be (-2 - 4/(-3))/((-6)/s). What is the highest common factor of t and 192?
12
Suppose -127 - 257 = -6*j. Suppose 0 = -8*y + 688 - j. What is the highest common factor of y and 104?
26
Let a(x) = -x**3 + 7*x**2 - 8*x + 5. Let t be a(6). Let j be (11 - 15) + (0 - t). Suppose 4*z - 735 = -j*z. What is the greatest common factor of 15 and z?
15
Let l = 10864 - 10552. Calculate the greatest common factor of l and 429.
39
Suppose 107 = -3*c + 86, 5*c + 15 = -20*o. Calculate the highest common divisor of o and 5871.
1
Let g be ((-264)/20)/((-315)/50 + 2 - -4). Calculate the greatest common divisor of 22836 and g.
44
Let n be (-4 - 35)*(-2 - -1)/1. What is the greatest common divisor of 377 and n?
13
Let w = -2350 + 2402. Calculate the highest common factor of 4108 and w.
52
Suppose 2*i - 1 = 1. Let f be 0 - i - 1*-262. Suppose -3*v = 3*d - 90, -638*v + 640*v + 4*d - 62 = 0. What is the greatest common divisor of v and f?
29
Let v = -5001 - -5014. Suppose x - 6*x + 10 = 0. Suppose -126 = 4*o - 4*y - 314, -x*y - 42 = -o. Calculate the greatest common divisor of o and v.
13
Let p = 5794 - 5767. What is the greatest common divisor of 258 and p?
3
Let i(o) = 18*o**2 - 7. Let b be i(3). Let r = 74 - b. Let y = r + 121. Calculate the greatest common factor of 360 and y.
40
Let d(c) = 195*c - 180. Let r(t) = -2. Let v(j) = d(j) + 10*r(j). Let y be v(5). What is the highest common factor of y and 31?
31
Let f be 0 + 16 + -43 + 44. Suppose 5*o - o - 2*r = 74, 5*r + f = 2*o. What is the highest common divisor of 147 and o?
21
Suppose 0 = -3*c + 4*j - 169, -4*j = 5*c - 5*j + 259. Let k be 4/6 + (-14297)/c. Let v = k + -163. Calculate the greatest common divisor of v and 177.
59
Suppose 0 = -8*u + 212*u - 19992. Calculate the greatest common divisor of u and 9898.
98
Suppose -113*u = -108*u. Let c(z) = 3*z**2 + 3*z + 80. Let g be c(u). Let f be (0 + 4)*(-5)/(-2). Calculate the highest common factor of g and f.
10
Let p(m) = m**2 - 339. Let a be p(0). Let t = a + 164. Let q = -120 - t. What is the highest common divisor of q and 22?
11
Suppose 2*o + 5*y - 11742 = 0, 3*o - 8147 - 9466 = y. Calculate the greatest common divisor of o and 171.
57
Let q(b) = b**3 - 2*b**2 - 12*b + 4. Let o be q(7). Let w = -69 + o. Suppose -9*z + w = -7*z. What is the greatest common divisor of 12 and z?
12
Let i = -376 - -383. Suppose 4*b + i*b = 88. Calculate the greatest common divisor of 376 and b.
8
Let i be 2/7 - (-166614)/294. Let f = -477 + i. Calculate the greatest common divisor of 60 and f.
30
Let w(f) = -21*f + 73. Let x be w(11). Let s = x + 263. What is the highest common factor of 245 and s?
35
Suppose 2*j - 240 = -5*n, j + n - 468 + 336 = 0. Let l be (-1)/2 + (-12)/8. Let h be 102/5 + l/5. Calculate the highest common divisor of j and h.
20
Let w(d) = d**3 + 34*d**2 + 44*d + 693. Let j be w(-33). What is the greatest common factor of j and 432?
6
Let z = -22 + 29. Suppose -z + 322 = 5*x. Suppose -2*c - 1032 = -1050. Calculate the greatest common factor of c and x.
9
Suppose -88*r = -99*r + 5610. Calculate the greatest common divisor of r and 2.
2
Suppose 22*q - 8889 = 6*q - 2489. What is the highest common factor of 50 and q?
50
Suppose -2*t + 5 = -3*t, 0 = 5*w + t - 1930. Calculate the highest common factor of w and 8385.
129
Suppose -3*g - 1668 = 3*w, 165 = 2*w + 3*g + 1279. Let o = 562 + w. Calculate the highest common factor of o and 5.
1
Let n(r) = -r**3 + 55*r**2 - 85*r - 825. Let q be n(53). Suppose -70 + 22 = -2*v. What is the highest common factor of v and q?
24
Suppose -266 = -5*l - 4*z, -752*l - z = -754*l + 109. What is the highest common divisor of 954 and l?
18
Suppose -35*d = -39*d + 804. Let l = d - 114. Suppose -5*j + 129 = -5*v + 39, 5*j - 2*v = l. What is the greatest common divisor of 85 and j?
17
Let s(n) be the second derivative of 159*n**4/4 - n**3/6 - n**2/2 - 12*n. Let d be s(-1). What is the greatest common factor of d and 9?
9
Let i = -28536 + 31236. What is the highest common factor of 700 and i?
100
Let n = 459 - 11. Suppose 88 - n = -6*p. What is the highest common divisor of p and 90?
30
Let k be (-8)/(-10) + 60/(-75). Let y be 40/15*9/4. Suppose -4*s - 2*z = -208, -2*s + y*s + 5*z - 208 = k. Calculate the highest common divisor of s and 13.
13
Let v(m) = 28 - 8*m - m + 6*m - m**2 + m. Let q be v(-5). Let z(y) = 23*y + 2. Let f be z(5). What is the greatest common factor of q and f?
13
Let f(m) = -10*m**3 + 3*m**2 + 8*m - 3. Let j be f(-3). Suppose 0 = 25*v - 1270 + j. What is the highest common factor of 16 and v?
8
Let p be -62*(30/20 + 5/(-2)). Suppose 0 = -p*q + 57*q + 435. Calculate the greatest common divisor of q and 58.
29
Suppose 2*b - 5018 = -3604. Calculate the highest common divisor of b and 14.
7
Let b be 7157/9 + (-212)/954 - 80/(-8). Let r be ((-46)/(-8))/((-1)/(-4)). What is the greatest common factor of b and r?
23
Let r be 15989/413 - (-2 - (-12)/7). Let g(i) = -i**3 + 40*i**2 - 41*i + 143. Let l be g(r). Calculate the greatest common divisor of l and 91.
13
Let z = -1199 + 2040. Let k = z - 737. Calculate the greatest common factor of k and 96.
8
Let x be 723/21 - 3*36/(-189). Calculate the greatest common factor of 182 and x.
7
Let x be (385 - 394) + 107*3. What is the highest common factor of 897 and x?
39
Let t = -1751 - -1809. Suppose 5*a - 56 = -3*v - 17, 0 = a - 3. Suppose -u - v = -t. What is the highest common factor of u and 75?
25
Let w = 2521 - -3716. Calculate the highest common factor of w and 154.
77
Suppose 0 = -u + 4*h + 84 + 75, 2*h = 4*u - 608. What is the greatest common factor of 1208 and u?
151
Let g = -139 + 139. Suppose 10*l + l - 286 = g. What is the highest common factor of 208 and l?
26
Let w(a) = 527*a**2 + 2. Let m be w(-1). Let d = m + -521. Calculate the highest common factor of 28 and d.
4
Let c = 3392 - 2339. What is the highest common divisor of 81 and c?
81
Suppose 3*c + 0*s = 4*s + 68, 5*s = 2*c - 36. Let k be 3 - (4 - (8 - -189)). Calculate the greatest common factor of k and c.
28
Suppose -3*c = -4*g + 67, -4*g - c = -52 - 27. Let l(r) = r - 18. Let f be l(g). Let p be -1 + 2 - 0/4. What is the greatest common factor of p and f?
1
Let n(s) = -3*s**2 - 33*s - 108. Let z(t) = -2*t**2 - 17*t - 54. Let w(q) = -3*n(q) + 5*z(q). Let p be w(17). What is the highest common divisor of p and 204?
3
Let q(o) = 4*o**3 + 11*o**2 + 4*o - 21. Let u be q(2). Let h be 16 + 1 + 4*1. Calculate the highest common divisor of h and u.
21
Let m be 17 + 2 + -1 + -27 + 23. Let l = -90 + 328. What is the highest common divisor of m and l?
14
Let b(j) = j**3 - 5*j - 2. Let s(o) = o**2 + 2*o. Let n(v) = -b(v) + 3*s(v). Let d be n(-4). Calculate the greatest common factor of d and 245.
35
Let p be (-2727)/(-24) + 15/40 + 16/4. Calculate the greatest common divisor of 2419 and p.
59
Let i(c) be the first derivative of c**4/4 - c**2/2 + 9*c - 46. Let n be i(0). Calculate the greatest common factor of n and 36.
9
Let g be 3/(((-1)/(-8))/(645/(-45))). Let m be (27 + 1 + -2)*g/(-16). What is the highest common divisor of m and 43?
43
Suppose 0 = -2*a + a. Suppose -8*l = -a - 16. Suppose 11 + 21 = l*r. What is the greatest common factor of r and 144?
16
Let s(w) = -597*w + 501. Let b be s(0). Calculate the greatest common divisor of b and 48.
3
Let a(y) = -7*y + 37. Let p be a(5). Let q be 68/p*15/30. What is the highest common factor of 85 and q?
17
Let p = -21109 - -22891. Calculate the greatest common divisor of 36 and p.
18
Suppose 0 = -366*k + 360*k + 1686. Let y = -203 + 308. Let j = k - y. Calculate the highest common factor of j and 11.
11
Let n = -52 - -56. Let c = n - 10. Let l be (-26)/3*9/c. Calculate the greatest common factor of 39 and l.
13
Let o = 105 - 96. Suppose 3*g - 2*x = 14, 2*x = g - 1 - o. What is the greatest common divisor of 13 and g?
1
Suppose v + 2708 = 2712, -5*x + 288 = 2*v. Let g be 0 - 0 - (-3 + -1). Suppose -n - 21 = -g*n. What is the greatest common divisor of n and x?
7
Let i = 4817 - 4810. What is the highest common divisor of 77 and i?
7
Suppose -4*u + 4*t + 2808 - 440 = 0, 4*u = t + 2374. Let w be ((-44)/10)/((-1)/15). Calculate the greatest common divi